*2 + 18*o + 56. What is i(-7)?
-21
Let z(r) = 5*r**2 + 19*r - 62. Give z(-6).
4
Let z(j) = j**2 + 6*j - 350. Determine z(15).
-35
Let y(m) = 6*m**2 - 80*m + 289. Determine y(8).
33
Let h(i) = -3*i**2 - 13*i + 61. Give h(3).
-5
Let o(i) = -13*i - 180. Give o(22).
-466
Let o(a) = a**2 + 77*a + 1534. What is o(-39)?
52
Let n(b) = 213*b + 29813. Determine n(-140).
-7
Let b(m) = 585*m - 7003. Calculate b(12).
17
Let l(h) = -5*h**3 - 57*h**2 - 19*h + 22. What is l(-11)?
-11
Let w(z) = 742*z + 620. Calculate w(-1).
-122
Let d(l) = 84*l**3 + l**2 - 11*l - 10. Calculate d(-1).
-82
Let o(k) = -93*k + 6538. Calculate o(73).
-251
Let x(g) = g**2 - 2*g - 47. Calculate x(10).
33
Let k(u) = u**3 - 16*u**2 - 82*u - 2. What is k(19)?
-477
Let d(q) = -6*q**2 + 199*q - 34. What is d(33)?
-1
Let f(v) = 855*v - 5988. What is f(7)?
-3
Let f(k) = -3*k**2 + 29*k + 145. Determine f(13).
15
Let u(z) = 46*z + 2443. What is u(-53)?
5
Let j(u) = -u**2 - 19*u + 4. Give j(-19).
4
Let n(o) = 5*o - 267. Determine n(65).
58
Let x(l) = -l**2 - 14*l - 33. Calculate x(-2).
-9
Let z(t) = 12*t**2 + 2*t - 7. Give z(-6).
413
Let a(f) = 370*f - 5. Give a(1).
365
Let z(d) = -d**3 + 81*d**2 - 126*d - 2439. Determine z(79).
89
Let c(k) = 4*k**2 + 3*k - 76. What is c(5)?
39
Let d(r) = r**3 + 9*r**2 - 26*r - 44. Calculate d(-12).
-164
Let p(b) = 7*b + 395. Calculate p(-15).
290
Let i(r) = -7*r**2 - 304*r - 694. Determine i(-41).
3
Let h(t) = -t**2 - 26*t + 21738. Give h(135).
3
Let z(g) = 2*g**3 + 100*g**2 + 1012*g + 58. Calculate z(-14).
2
Let n(a) = 2*a**2 + 210*a + 192. Give n(-104).
-16
Let z(a) = 112*a - 1239. What is z(11)?
-7
Let j(p) = p**3 + 22*p**2 - 76*p - 85. What is j(-25)?
-60
Let a(g) = 23*g**3 + 4*g**2 + g. Determine a(-1).
-20
Let p(k) = 493*k + 2998. Determine p(-6).
40
Let u(x) = x**3 + x**2 + 3*x - 60. Determine u(0).
-60
Let j(k) = -2*k**3 + 39*k**2 + 39*k - 1099. Calculate j(19).
3
Let w(d) = d**3 - 3*d**2 + 16*d - 56. Calculate w(3).
-8
Let z(h) = -24*h**2 + 98*h + 1. Determine z(4).
9
Let q(k) = k**3 - 12*k**2 - 44*k - 44. Give q(15).
-29
Let i(a) = 11*a**3 - a**2 - 24*a - 23. Calculate i(-1).
-11
Let m(r) = 3*r**3 + 30*r**2 - 62*r + 35. Determine m(-12).
-85
Let i(x) = 6*x**2 - 231*x + 287. What is i(37)?
-46
Let j(p) = -5568*p - 116924. Determine j(-21).
4
Let m(w) = 34*w + 342. Give m(-10).
2
Let q(a) = -a**3 - 29*a**2 - 123*a - 43. Give q(-24).
29
Let c(p) = 5*p**2 + 66*p + 95. Give c(-13).
82
Let k(i) = 2138*i + 147530. Give k(-69).
8
Let o(l) = -3*l**2 + 115*l - 134. Give o(0).
-134
Let i(t) = -7*t**3 - 414*t**2 - 60*t - 42. What is i(-59)?
17
Let x(m) = -3*m**2 + 55*m - 109. Calculate x(23).
-431
Let h(u) = 2*u**3 + 15*u**2 + 28*u. What is h(-4)?
0
Let d(k) = 2*k**2 - 29*k + 36. Calculate d(8).
-68
Let p(y) = 18*y - 80. Determine p(6).
28
Let c(v) = 2*v**3 + 121*v**2 + 301*v + 630. Calculate c(-58).
-8
Let f(d) = -d**3 + 13*d**2 - d + 26. Calculate f(13).
13
Let v(d) = -16*d - 267. Give v(-34).
277
Let o(t) = -5*t**3 - 6*t - 8. Give o(-4).
336
Let n(w) = -w**2 + 58*w - 166. Determine n(55).
-1
Let l(z) = -2*z**2 + 497*z - 29856. Calculate l(147).
-15
Let c(l) = -l - 4. Determine c(-5).
1
Let y(x) = 348*x + 32357. Calculate y(-93).
-7
Let z(q) = -48*q + 331. Give z(20).
-629
Let t(w) = w**3 + 4*w**2 + w + 36. Calculate t(-6).
-42
Let x(j) = -286*j + 661. Give x(2).
89
Let k(l) = 16*l + 383. Determine k(-23).
15
Let z(g) = -13*g - 132. Determine z(-9).
-15
Let p(y) = y**3 - 5*y**2 - 35*y - 20. Calculate p(9).
-11
Let c(n) = 6*n - 166. Calculate c(12).
-94
Let v(q) = -5*q**2 + 13*q + 13. Calculate v(2).
19
Let a(q) = -q**3 - 136*q**2 - 38*q - 5144. Determine a(-136).
24
Let u(a) = -276*a - 2755. Determine u(-10).
5
Let j(x) = 100*x + 134. Give j(-2).
-66
Let q(j) = -3*j**2 + 21*j + 108. Determine q(11).
-24
Let f(i) = 4*i - 100. Calculate f(29).
16
Let n(z) = 2*z**3 + 7*z**2 + 8*z - 1. Determine n(-4).
-49
Let r(u) = -u**3 - 18*u**2 + 268*u + 567. Calculate r(-27).
-108
Let s(m) = 101*m + 797. What is s(-5)?
292
Let v(p) = 16*p**2 - 34*p - 160. Calculate v(-4).
232
Let k(s) = -s**3 - 45*s**2 - 261*s - 2451. Determine k(-40).
-11
Let n(o) = -142*o - 2712. Give n(-19).
-14
Let j(r) = -132*r + 3681. Calculate j(28).
-15
Let n(y) = -35*y**3 - y**2 - 30*y + 32. What is n(1)?
-34
Let l(u) = -84*u + 388. Calculate l(8).
-284
Let b(x) = x**2 - 19*x + 65. Determine b(13).
-13
Let w(b) = 1331*b - 54562. Give w(41).
9
Let q(l) = 46*l + 383. Calculate q(-6).
107
Let c(i) = -405*i - 1243. Determine c(-5).
782
Let p(y) = y**2 + 678*y + 3407. Determine p(-5).
42
Let k(r) = 5773*r + 86594. Determine k(-15).
-1
Let y(f) = -3*f**3 + 17*f**2 - 6*f + 9. Determine y(7).
-229
Let w(s) = s**3 + 6*s**2 + 13*s + 145. What is w(-7)?
5
Let u(s) = 7*s**3 + 61*s**2 - 14*s + 35. Calculate u(-9).
-1
Let a(w) = 141*w - 3079. What is a(23)?
164
Let n(c) = -7*c**3 - 175*c**2 + 811*c - 20. Give n(-29).
9
Let m(h) = -h**2 - 38*h - 605. Determine m(-31).
-388
Let w(g) = g**3 - 41*g**2 - 80*g - 202. Give w(43).
56
Let j(g) = -27*g**2 + g - 30. Determine j(4).
-458
Let b(n) = -3*n**3 - 3*n**2 + 37*n + 111. Calculate b(-3).
54
Let f(v) = 3*v**3 + 21*v**2 + 30*v + 197. What is f(-7)?
-13
Let c(f) = f**3 + 2*f**2 + 6*f + 14. Give c(-5).
-91
Let m(i) = -i**2 - 254*i - 14029. Calculate m(-81).
-16
Let i(z) = -23*z - 792. Determine i(-35).
13
Let d(b) = -235*b - 1843. Calculate d(-8).
37
Let o(d) = -8*d + 100. Determine o(14).
-12
Let m(s) = -s**2 + 1348*s + 14966. What is m(-11)?
17
Let l(s) = -26*s + 1446. Determine l(55).
16
Let d(f) = -f**2 - 6243*f + 37508. Calculate d(6).
14
Let t(n) = n**2 + 55*n + 372. Calculate t(-8).
-4
Let h(r) = 3*r**2 + 102*r - 63. Calculate h(-35).
42
Let n(i) = i**2 + 45*i - 107. Determine n(-46).
-61
Let l(w) = -3*w**2 - 73*w + 1712. Give l(15).
-58
Let r(l) = -l**2 - 29*l - 114. Give r(-24).
6
Let l(w) = -133*w + 1016. Calculate l(9).
-181
Let q(v) = -2*v**3 - 12*v**2 + 69*v - 51. Calculate q(3).
-6
Let o(x) = x**2 + 18*x + 217. What is o(-19)?
236
Let u(a) = 13*a - 348. What is u(34)?
94
Let m(l) = 4*l**2 + 49*l - 531. Give m(8).
117
Let m(h) = h**3 + 15*h**2 + 10*h + 167. Determine m(-15).
17
Let i(k) = 65*k**3 - 5*k**2 + 6*k - 7. Determine i(2).
505
Let k(q) = -2*q**2 - 88*q + 184. Calculate k(-46).
0
Let t(a) = 14*a + 811. Give t(-60).
-29
Let w(c) = -57*c + 776. What is w(25)?
-649
Let v(o) = 2*o**3 + 165*o**2 + 831*o - 1234. Calculate v(-77).
-2
Let j(x) = -2*x**3 - 341*x**2 - 504*x + 489. Determine j(-169).
-18
Let o(x) = -7*x**2 + 65*x - 14. Calculate o(6).
124
Let a(o) = 3*o**3 + 207*o**2 - 2917*o + 3. Calculate a(12).
-9
Let q(c) = 13*c**2 + 23*c - 15. Calculate q(-3).
33
Let f(i) = -3*i**2 - 100*i + 328. Give f(-36).
40
Let z(v) = v**3 - 13*v**2 - 22*v + 107. Determine z(14).
-5
Let g(o) = -o**3 + 46*o**2 - 80*o - 345. Determine g(44).
7
Let i(x) = x**3 - 3*x**2 - 12*x + 9. Give i(5).
-1
Let v(h) = 108*h**2 - 71*h + 71. What is v(1)?
108
Let p(c) = c**3 - 22*c**2 + 43*c + 24. Give p(20).
84
Let i(n) = -n**2 - 39*n - 288. Give i(-10).
2
Let h(p) = -2*p**3 + 4*p**2 - 11*p + 34. Calculate h(4).
-74
Let z(d) = 2*d**3 + 59*d**2 - 26*d + 60. Give z(-30).
-60
Let w(p) = 120*p - 74. What is w(7)?
766
Let j(f) = -261*f + 1847. Calculate j(7).
20
Let s(w) = 266*w + 14908. Give s(-56).
12
Let o(n) = 550*n + 36848. Give o(-67).
-2
Let g(v) = -133*v + 8775. What is g(66)?
-3
Let r(c) = -4*c**3 + 5*c**2 - 70*c + 121. Give r(2).
-31
Let p(d) = -d**3 + 79*d**2 + 85*d - 383. Determine p(80).
17
Let d(a) = -3*a + 177. What is d(21)?
114
Let i(b) = -427*b + 7304. Determine i(17).
45
Let i(d) = -d**3 - 13*d**2 + 20*d + 29. What is i(-16)?
477
Let t(p) = -p**2 - 156*p + 1310. Determine t(-164).
-2
Let h(u) = u**3 + 4*u**2 - 63*u + 118. What is h(3)?
-8
Let f(p) = 2*p**2 - 9*p + 119. Determine f(10).
229
Let d(m) = 6268*m + 43881. Calculate d(-7).
5
Let c(p) = -p**2 + 40*p - 360. Give c(24).
24
Let n(l) = 8*l**3 + 4*l**2 - 4*l + 3. Give n(1).
11
Let q(d) = 2*d**2 - 7*d - 57. Determine q(13).
190
Let d(c) = -c**3 - 34*c**2 + 41*c + 158. Give d(-35).
-52
Let g(w) = 14*w - 275. Determine g(19).
-9
Let i(u) = -u**2 + 366*u + 5310. Determine i(-14).
-10
Let t(h) = 2*h**3 + 65*h**2 + 32*h - 49. Give t(-32).
-49
Let g(l) = -l**3 - 3*l**2 + 6*l + 1. Give g(4).
-87
Let h(a) = 584*a - 280